 (base 8) in base 14?
36
What is -4 (base 13) in base 9?
-4
Convert 9 (base 15) to base 7.
12
What is -1 (base 11) in base 16?
-1
Convert -2110 (base 4) to base 8.
-224
-203 (base 5) to base 8
-65
What is -34 (base 7) in base 4?
-121
-182 (base 10) to base 7
-350
-2211 (base 4) to base 12
-119
Convert -11 (base 9) to base 11.
-a
Convert 18 (base 9) to base 8.
21
What is -21 (base 13) in base 3?
-1000
165 (base 9) to base 4
2030
-a (base 13) to base 12
-a
53 (base 9) to base 5
143
-1 (base 11) to base 14
-1
16 (base 12) to base 6
30
What is 142 (base 6) in base 11?
57
What is -21 (base 16) in base 4?
-201
Convert f (base 16) to base 15.
10
28 (base 12) to base 2
100000
-1 (base 13) to base 16
-1
Convert -2a2 (base 11) to base 13.
-213
1 (base 14) to base 10
1
What is d (base 15) in base 2?
1101
What is -79 (base 15) in base 13?
-8a
What is 1b4 (base 13) in base 8?
474
What is 1 (base 13) in base 6?
1
Convert 3 (base 15) to base 11.
3
-13 (base 12) to base 5
-30
Convert 6 (base 10) to base 4.
12
Convert 26 (base 14) to base 6.
54
What is -9 (base 14) in base 8?
-11
11 (base 2) to base 16
3
Convert 4 (base 8) to base 12.
4
Convert -5 (base 8) to base 3.
-12
Convert 13 (base 4) to base 3.
21
Convert -7 (base 8) to base 12.
-7
4 (base 16) to base 6
4
What is 321 (base 4) in base 2?
111001
What is -45 (base 9) in base 14?
-2d
What is 3 (base 16) in base 8?
3
Convert -1 (base 5) to base 8.
-1
Convert -4 (base 6) to base 12.
-4
What is 1 (base 16) in base 14?
1
-2 (base 6) to base 2
-10
What is 53 (base 8) in base 2?
101011
9 (base 16) to base 12
9
What is -7 (base 12) in base 4?
-13
Convert -246 (base 8) to base 12.
-11a
-21 (base 4) to base 6
-13
Convert -3 (base 16) to base 14.
-3
Convert -22 (base 6) to base 3.
-112
What is -1 (base 8) in base 12?
-1
Convert 1 (base 5) to base 9.
1
What is -1 (base 15) in base 16?
-1
What is -84 (base 13) in base 11?
-99
Convert -13 (base 15) to base 6.
-30
4 (base 15) to base 6
4
c (base 16) to base 10
12
Convert 18 (base 14) to base 8.
26
-3 (base 8) to base 15
-3
What is -3 (base 9) in base 6?
-3
Convert 1 (base 5) to base 2.
1
Convert -2 (base 6) to base 13.
-2
What is -300 (base 4) in base 2?
-110000
-7f (base 16) to base 6
-331
Convert 0 (base 14) to base 6.
0
What is -57 (base 8) in base 13?
-38
Convert -25 (base 6) to base 14.
-13
What is -73 (base 10) in base 14?
-53
Convert 1 (base 7) to base 6.
1
Convert -5 (base 10) to base 9.
-5
What is -332 (base 4) in base 14?
-46
What is -5 (base 13) in base 11?
-5
What is -5 (base 14) in base 16?
-5
What is 8 (base 15) in base 5?
13
37 (base 15) to base 3
1221
4 (base 11) to base 10
4
What is -3 (base 10) in base 11?
-3
6 (base 12) to base 16
6
What is -11 (base 10) in base 13?
-b
Convert 62 (base 10) to base 8.
76
Convert -9c (base 15) to base 11.
-124
Convert -1 (base 11) to base 12.
-1
Convert 0 (base 6) to base 13.
0
15 (base 14) to base 4
103
What is -4 (base 7) in base 5?
-4
Convert -102 (base 3) to base 7.
-14
What is -48 (base 9) in base 10?
-44
Convert 15 (base 13) to base 6.
30
63 (base 16) to base 8
143
Convert -140 (base 5) to base 13.
-36
44 (base 10) to base 2
101100
Convert 10 (base 13) to base 5.
23
What is 0 (base 12) in base 16?
0
-421 (base 5) to base 15
-76
What is -5 (base 6) in base 10?
-5
What is 0 (base 7) in base 3?
0
What is -62 (base 7) in base 12?
-38
Convert 32 (base 5) to base 8.
21
Convert -33 (base 11) to base 3.
-1100
Convert -1 (base 15) to base 6.
-1
Convert 2 (base 13) to base 4.
2
Convert -14 (base 15) to base 8.
-23
Convert -525 (base 6) to base 15.
-d2
Convert 104 (base 5) to base 7.
41
What is -3 (base 11) in base 3?
-10
105 (base 6) to base 3
1112
Convert -2 (base 10) to base 5.
-2
10 (base 15) to base 8
17
What is -34 (base 15) in base 11?
-45
What is -a7 (base 13) in base 2?
-10001001
What is -17 (base 11) in base 15?
-13
Convert -111 (base 2) to base 16.
-7
Convert -d (base 15) to base 7.
-16
b (base 16) to base 13
b
Convert -2110 (base 4) to base 7.
-301
What is 10 (base 5) in base 13?
5
-17 (base 14) to base 10
-21
Convert -6 (base 8) to base 15.
-6
122 (base 3) to base 16
11
ad (base 14) to base 4
2121
What is 22 (base 9) in base 3?
202
5 (base 15) to base 13
5
2 (base 11) to base 3
2
What is 4 (base 11) in base 8?
4
What is -5 (base 12) in base 7?
-5
4 (base 15) to base 3
11
What is 15 (base 15) in base 13?
17
-152 (base 10) to base 12
-108
-2 (base 16) to base 4
-2
-103 (base 9) to base 2
-1010100
Convert -20 (base 10) to base 11.
-19
What is 108 (base 9) in base 6?
225
-120 (base 5) to base 12
-2b
What is 1c (base 14) in base 6?
42
34 (base 5) to base 13
16
-111010 (base 2) to base 16
-3a
-6 (base 16) to base 13
-6
What is 0 (base 15) in base 4?
0
Convert 0 (base 16) to base 11.
0
What is 23 (base 7) in base 16?
11
Convert -45 (base 13) to base 12.
-49
-1110010 (base 2) to base 8
-162
What is 32 (base 11) in base 9?
38
Convert -a (base 12) to base 9.
-11
What is 3 (base 15) in base 5?
3
3 (base 15) to base 6
3
What is -40 (base 12) in base 5?
-143
Convert 2 (base 13) to base 2.
10
5 (base 6) to base 13
5
What is -27 (base 12) in base 11?
-29
-4 (base 13) to base 15
-4
Convert -21 (base 14) to base 11.
-27
What is 34 (base 10) in base 13?
28
Convert 62 (base 8) to base 2.
110010
13 (base 4) to base 5
12
What is -11 (base 7) in base 9?
-8
Convert 10 (base 6) to base 4.
12
What is 8a (base 14) in base 8?
172
Convert 1112 (base 3) to base 13.
32
What is -322 (base 4) in base 11?
-53
What is -2 (base 6) in base 9?
-2
-130 (base 5) to base 9
-44
2322 (base 4) to base 9
226
100 (base 3) to base 15
9
What is 1b (base 12) in base 8?
27
What is 44 (base 5) in base 10?
24
120 (base 3) to base 12
13
4 (base 14) to base 6
4
What is 4 (base 16) in base 3?
11
Convert -65 (base 14) to base 5.
-324
What is -2 (base 3) in base 7?
-2
What is -1011 (base 3) in base 8?
-37
Convert -111111 (base 2) to base 6.
-143
Convert -6 (base 9) to base 16.
-6
Convert -8 (base 10) to base 2.
-1000
-67 (base 11) to base 10
-73
-1 (base 9) to base 4
-1
What is -3 (base 7) in base 12?
-3
What is 121 (base 4) in base 12?
21
1 (base 12) to base 16
1
Convert 4 (base 12) to base 5.
4
What is -1 (base 5) in base 10?
-1
What is 100 (base 4) in base 13?
13
Convert -47 (base 10) to base 14.
-35
Convert 243 (base 5) to base 4.
1021
Convert 0 (base 8) to base 13.
0
Convert 163 (base 9) to base 8.
212
What is -15 (base 16) in base 8?
-25
Convert -1 (base 15) to base 8.
-1
What is -6 (base 11) in base 2?
-110
What is -217 (base 8) in base 10?
-143
Convert -24 (base 7) to base 10.
-18
111 (base 2) to base 11
7
Convert -3 (base 5) to base 3.
-10
What is -11 (base 3) in base 10?
-4
15 (base 8) to base 2
1101
What is 243 (base 6) in base 3?
10200
Convert 32 (base 12) to base 7.
53
101 (base 6) to base 9
41
What is 0 (base 15) in base 6?
0
-102 (base 6) to base 3
-1102
12 (base 13) to base 4
33
What is 2203 (base 4) in base 8?
243
What is -52 (base 10) in base 7?
-103
-28 (base 13) to base 11
-31
Convert -17 (base 15) to base 2.
-10110
What is 22 (base 3) in base 5?
13
101 (base 8) to base 4
1001
Convert -65 (base 9) to base 2.
-111011
Convert -a1 (base 13) to base 14.
-95
78 (base 16) to base 6
320
What is 6 (base 10) in base 2?
110
Convert 25 (base 13) to base 10.
31
What is -115 (base 15) in base 6?
-1045
55 (base 15) to base 7
143
Convert 11 (base 2) to base 13.
3
-1 (base 5) to base 13
-1
What is 52 (base 6) in base 7?
44
Convert -1011111 (base 2) to base 12.
-7b
What is -1011 (base 3) in base 11?
-29
Convert -1 (base 4) to base 16.
-1
What is 3 (base 12) in base 6?
3
25 (base 9) to base 3
212
What is 2 (base 7) in base 6?
2
-2 (base 3) to base 14
-2
-183 (base 9) to base 10
-156
1 (base 13) to base 7
1
What is -7 (base 9) in base 3?
-21
Convert 4 (base 6) to base 2.
100
What is 111010 (base 2) in base 7?
112
Convert -128 (base 13) to base 12.
-14b
-3 (base 15) to base 14
-3
Convert -35 (base 9) to base 2.
-100000
What is -b (base 13) in base 16?
-b
Convert -2 (base 11) to base 7.
-2
Convert 10111010 (base 2) to base 13.
114
What is 10 (base 13) in base 7?
16
Convert -6 (base 9) to base 7.
-6
5f (base 16) to base 6
235
What is -143 (base 11) in base 2?
-10101000
What is 1a5 (base 13) in base 7?
613
Convert 33 (base 6) to base 8.
25
Convert 56 (base 7) to bas